{"id":32,"date":"2021-11-29T16:34:04","date_gmt":"2021-11-29T16:34:04","guid":{"rendered":"https:\/\/fundacionartemiss.org\/?page_id=32"},"modified":"2021-11-29T16:34:04","modified_gmt":"2021-11-29T16:34:04","slug":"bienvenido-a-fundacion-arte-miss","status":"publish","type":"page","link":"https:\/\/fundacionartemiss.org\/","title":{"rendered":"Bienvenido a FUNDACI\u00d3N ARTE MISS"},"content":{"rendered":"\n<p>Bienvenido a <strong>Fundaci\u00f3n Arte Miss<\/strong>, una nueva forma de entender la formaci\u00f3n y de seguir trabajando para la sociedad, generando profesionales de la Imagen Personal. <\/p>\n\n\n\n<p>Actualmente la p\u00e1gina web se encuentra en creaci\u00f3n. Si tienes cualquier duda o consulta puedes ponerte en contacto con nosotros a trav\u00e9s de nuestro correo electr\u00f3nico <strong>info@fundacionartemiss.com<\/strong> y estaremos encantados de resolver todas tus dudas. <\/p>\n\n\n\n<p><\/p>\n","protected":false},"excerpt":{"rendered":"<p>Bienvenido a Fundaci\u00f3n Arte Miss, una nueva forma de entender la formaci\u00f3n y de seguir trabajando para la sociedad, generando profesionales de la Imagen Personal. Actualmente la p\u00e1gina web se encuentra en creaci\u00f3n. Si tienes cualquier duda o consulta puedes ponerte en contacto con nosotros a trav\u00e9s de nuestro correo electr\u00f3nico info@fundacionartemiss.com y estaremos encantados&hellip; <a class=\"more-link\" href=\"https:\/\/fundacionartemiss.org\/\">Seguir leyendo <span class=\"screen-reader-text\">Bienvenido a FUNDACI\u00d3N ARTE MISS<\/span><\/a><\/p>\n","protected":false},"author":1,"featured_media":0,"parent":0,"menu_order":0,"comment_status":"closed","ping_status":"closed","template":"","meta":{"footnotes":""},"class_list":["post-32","page","type-page","status-publish","hentry","entry"],"_links":{"self":[{"href":"https:\/\/fundacionartemiss.org\/index.php?rest_route=\/wp\/v2\/pages\/32","targetHints":{"allow":["GET"]}}],"collection":[{"href":"https:\/\/fundacionartemiss.org\/index.php?rest_route=\/wp\/v2\/pages"}],"about":[{"href":"https:\/\/fundacionartemiss.org\/index.php?rest_route=\/wp\/v2\/types\/page"}],"author":[{"embeddable":true,"href":"https:\/\/fundacionartemiss.org\/index.php?rest_route=\/wp\/v2\/users\/1"}],"replies":[{"embeddable":true,"href":"https:\/\/fundacionartemiss.org\/index.php?rest_route=%2Fwp%2Fv2%2Fcomments&post=32"}],"version-history":[{"count":1,"href":"https:\/\/fundacionartemiss.org\/index.php?rest_route=\/wp\/v2\/pages\/32\/revisions"}],"predecessor-version":[{"id":33,"href":"https:\/\/fundacionartemiss.org\/index.php?rest_route=\/wp\/v2\/pages\/32\/revisions\/33"}],"wp:attachment":[{"href":"https:\/\/fundacionartemiss.org\/index.php?rest_route=%2Fwp%2Fv2%2Fmedia&parent=32"}],"curies":[{"name":"wp","href":"https:\/\/api.w.org\/{rel}","templated":true}]}}

Bienvenido a FUNDACIÓN ARTE MISS

<p>Bienvenido a <strong>Fundación Arte Miss</strong>, una nueva forma de entender la formación y de seguir trabajando para la sociedad, generando profesionales de la Imagen Personal. </p>



<p>Actualmente la página web se encuentra en creación. Si tienes cualquier duda o consulta puedes ponerte en contacto con nosotros a través de nuestro correo electrónico <strong>info@fundacionartemiss.com</strong> y estaremos encantados de resolver todas tus dudas. </p>



<p></p>

<p>Bienvenido a Fundación Arte Miss, una nueva forma de entender la formación y de seguir trabajando para la sociedad, generando profesionales de la Imagen Personal. Actualmente la página web se encuentra en creación. Si tienes cualquier duda o consulta puedes ponerte en contacto con nosotros a través de nuestro correo electrónico info@fundacionartemiss.com y estaremos encantados&hellip; <a class="more-link" href="https://fundacionartemiss.org/">Seguir leyendo <span class="screen-reader-text">Bienvenido a FUNDACIÓN ARTE MISS</span></a></p>
